are the prime factors of a?
2, 3
Let w be -4*(-6)/8 - -24. Suppose -43 = -4*q - o + 4*o, 3*q + 3*o - w = 0. List the prime factors of q.
2, 5
Suppose -6*r + 40 = -r. What are the prime factors of r/20*(44 - -1)?
2, 3
Suppose 0 = 3*x + 6 + 3. Suppose 3*u + 8 = 7*u. Let t = u - x. What are the prime factors of t?
5
Let w = 23 - 13. Suppose -w = -20*f + 15*f. What are the prime factors of f?
2
Let q = -60 - -118. Suppose 2*l - q = -8. What are the prime factors of l?
5
Let s be 1/3 + (-152)/6. Let f be 4 + 1104/28 + (-6)/14. Let y = f + s. What are the prime factors of y?
2, 3
Suppose 86*g = 83*g + 915. What are the prime factors of g?
5, 61
Let t = 34 + 281. What are the prime factors of t?
3, 5, 7
Suppose 0 = 2*q - 4*q - 4*z + 4, -2*z + 2 = 5*q. Let g = q - -4. List the prime factors of g/(-6)*(-63)/14.
3
Suppose 5*j = 40 + 10. Let g = -7 + j. Suppose -3*x - 10 + 4 = 0, 0 = f + g*x - 8. What are the prime factors of f?
2, 7
Suppose 0 = 2*m, 2*a + 2*m + 20 = 3*m. Let j = 32 + a. What are the prime factors of j?
2, 11
Let l = 5 - 1. Let t = l + -4. What are the prime factors of 2*(6 + t/3)?
2, 3
Suppose 5*j - 27 = a - 0*a, -a + 18 = 4*j. List the prime factors of j.
5
Let d(h) = h**2 - 4*h. Suppose 3*f = -5*o - 5, 3*f - 5*f + 22 = -3*o. Suppose -34 = -f*v - 4. What are the prime factors of d(v)?
2, 3
Let v be (-70)/(-22) - 6/33. List the prime factors of -6*1*v/(-6).
3
What are the prime factors of (5/15)/(1/81)?
3
Let b(w) = w - 30. Let d be b(0). List the prime factors of (-27)/(-15)*d/(-9).
2, 3
Let d be 2 - 2/2 - -1. Suppose -j - 3*v + 18 = j, d*v = 4. Suppose -l = j - 10. What are the prime factors of l?
2
Suppose -f = -0*f. Let l = f - -2. Let o = 3 + l. List the prime factors of o.
5
Suppose 5*v - 415 = 75. List the prime factors of v.
2, 7
Let h(m) = 5*m - 2. Let w be h(3). Let b be (-2)/(-3) + (-2)/(-6). Suppose -4*i - 8 = 0, a - 2*i - b = w. List the prime factors of a.
2, 5
Let b = 13 - 7. What are the prime factors of 80/35 + b/(-21)?
2
Let r(o) = o**3 - 5*o**2 - 4*o - 10. Let g be r(6). Suppose -4 + 86 = g*k. What are the prime factors of k?
41
Let p(w) = 8*w**2 + 2*w + 5. Let y(o) = -9*o**2 - 2*o - 6. Let h(r) = 6*p(r) + 5*y(r). What are the prime factors of h(2)?
2
Let d = 11 + -5. Let x(w) = -w**3 + 6*w**2 + 4. Let v be x(d). Suppose 0 = -v*q - q + 25. What are the prime factors of q?
5
Let j be -3*(-5 - (-3 + 1)). What are the prime factors of 2/(-3) - (-78)/j?
2
Suppose -376 = 5*v + 3*t, -t = -v - 2*t - 76. Let i = v - -124. List the prime factors of i.
2, 5
Let k be (-2 - 0)/2 + 4. Suppose -13 = -3*r - b + 2*b, -k*r + 38 = 4*b. What are the prime factors of r + 0 - (0 + -2)?
2
Suppose -f + 151 = 2*i + 2*i, 3*f = -5*i + 446. List the prime factors of f.
3, 7
Let r be 2 + (-4)/6*-3. Suppose -3 = r*q - 27. What are the prime factors of q?
2, 3
Suppose -3*h - 5*g = -6*h + 10, -4*g - 1 = -h. Suppose -2*l + h*q + 7 = 0, 2*q + 28 - 6 = 2*l. Suppose 3*s - s = l. List the prime factors of s.
2
Let f = -160 + 226. What are the prime factors of f?
2, 3, 11
Suppose -6*f + 52 = -4*f. What are the prime factors of f?
2, 13
Let r(z) be the first derivative of -z**2 - z + 2 - 1/3*z**3 - 1/2*z**4. What are the prime factors of r(-1)?
2
Let i(u) = 17*u**3 + u**2 - 7*u + 7. List the prime factors of i(2).
7, 19
Let s = 0 - -2. Suppose 8 = -0*p + s*p. Suppose -5*r = -3*j + 9, r = p*j - j - 21. What are the prime factors of j?
2
What are the prime factors of (-5)/30*14*-129?
7, 43
Let v be (1 + -1)/(4/2). Let c(m) = m**3 - m**2 + m - 3. Let l be c(v). What are the prime factors of (4 + l)/((-2)/(-14))?
7
Let b = 239 + -157. Let v = b + -32. Let y = -36 + v. List the prime factors of y.
2, 7
Let x(g) = -5*g + 2. Let h be x(3). Let y = h + 26. List the prime factors of y.
13
Let s(d) = 5*d - 8. List the prime factors of s(6).
2, 11
Suppose -4*l + a = 4*a - 363, 4*a + 12 = 0. Suppose 3*s - 50 - l = -5*o, -2*s = 3*o - 94. List the prime factors of s.
41
Let n = 30 + -6. List the prime factors of n.
2, 3
Let k = -45 - -137. List the prime factors of k.
2, 23
Suppose 4*h - 44 = 88. What are the prime factors of h?
3, 11
Let m be (-3 - -1*15) + 2. Suppose -4*f + 2*q = -74, -2*f = -4*q - 14 - m. List the prime factors of f.
2, 5
Let f be -9*(8/6)/(-2). Let z(k) = k**2 - 5*k + 9. Let t be z(f). Suppose -38 = -5*h - 2*n, h = 3*h + n - t. List the prime factors of h.
2
Let n(x) = 7*x**3 + 2*x**2 - x. Suppose 2*y - y - 1 = 0. What are the prime factors of n(y)?
2
What are the prime factors of -17*(-5 - -2) - 1*-4?
5, 11
Suppose 3*q + 0*q - 99 = 0. List the prime factors of q.
3, 11
Suppose -3*x + 3*v = -4*x + 70, 221 = 3*x - 2*v. List the prime factors of x.
73
Let i = 9 - -6. What are the prime factors of 260/i - 1/3?
17
Let v be -2 + 2 - 6/(-3). Suppose -3*p + 70 = v*p. What are the prime factors of p?
2, 7
Suppose 0 = 5*h - h. Suppose -5*r = -h - 5. Let v = 2 + r. List the prime factors of v.
3
Let j(h) = h**2 + h + 4. Let k(s) = -s**2 - s - 4. Let d(x) = -3*j(x) - 4*k(x). Let o be d(0). What are the prime factors of (-11 + o/2)/(-1)?
3
Suppose -70 = -2*h - 3*h. Suppose 0 = h*o - 13*o - 5. List the prime factors of o.
5
Let s be -10*2/(8/(-2)). Let b = 1 + -1. Let h = b + s. List the prime factors of h.
5
Let w(c) = 2 + 10*c - 3 + 2*c + 2. What are the prime factors of w(1)?
13
Let i(w) = -w**3 + 9*w**2 + 19*w - 6. What are the prime factors of i(-5)?
3, 83
Let w(i) = 23*i**2 - i. Let l(k) = -k**3 + 5*k**2 - 3*k - 3. Let m be l(3). Let b be 8/m + (-1)/3. List the prime factors of w(b).
2, 11
Let s(x) = -4*x - 34. What are the prime factors of s(-20)?
2, 23
Suppose 0 = -2*h + d + 9, -5*h - 5 = d + 2*d. Suppose 0 = -2*b - 2, -l - 5*b + 0 = h. List the prime factors of l.
3
Let h = -153 + 310. List the prime factors of h.
157
List the prime factors of (17/3)/((-12)/(-36)).
17
Let k(y) = 16*y - 44. Let l(d) = d - 3. Let s(q) = -6*k(q) + 88*l(q). Let m be -1 + 0 + -1 + 1. List the prime factors of s(m).
2
Suppose 123 = -y - 2*y. Let j = -18 - y. Suppose 0 = 3*b + 5*u - 46, 0*b - j = -4*b + u. List the prime factors of b.
7
List the prime factors of (-990)/(-13) - (-24)/(-156).
2, 19
Suppose -s + 5*d - d + 18 = 0, -d = 2*s. List the prime factors of s.
2
Let v = 10 - -2. Suppose 2*i + 2 + v = 0. List the prime factors of (-2)/i + (-52)/(-14).
2
List the prime factors of 74 - 1/(-1)*(-4 - -3).
73
What are the prime factors of (-2)/5 + 1029/35?
29
Suppose 4*w = -4*q, -5*q + 0*w + 24 = -3*w. List the prime factors of (-21)/2*(-4)/q.
2, 7
Let d(a) = a**3 + 7*a**2 - a + 4. List the prime factors of d(-6).
2, 23
Let l(z) be the third derivative of -z**5/60 - 5*z**4/24 + z**3 - 2*z**2. List the prime factors of l(-5).
2, 3
Suppose 0 = -c + 3*z + 13, 3*c + 0*c - 3*z - 21 = 0. List the prime factors of c.
2
Suppose 5 = -5*f, x + 4*x - 32 = 2*f. List the prime factors of x/(-14) + (-143)/(-7).
2, 5
Suppose y = -3*o - 2*o + 35, -2*o + 129 = 5*y. Let f be ((-16)/(-6))/(2/6). Let l = y - f. What are the prime factors of l?
17
Suppose 2*k - 1 - 15 = 0. Suppose o = -k - 14. Let t = o + 34. What are the prime factors of t?
2, 3
Let q be 3 + -1 - (-1 - -1). Suppose 4*b - 124 = -4*k, 3*b - 6*b - 2*k + 92 = 0. Suppose -w + 5*v = -10, -q*v - v + b = 3*w. What are the prime factors of w?
2, 5
Suppose -2*o - 10 + 204 = 0. List the prime factors of o.
97
Let r = 55 + -29. Suppose 0 = 4*h + 2*f - 4*f - 38, 3*h = 4*f + r. Suppose h + 30 = 2*c. What are the prime factors of c?
2, 5
Suppose -5*h + n = 15, 2*h - 2*n - 3*n - 17 = 0. Let o be (-27)/h + 3/12. What are the prime factors of (4 + 0 - 2) + o?
3
Let s(n) = n**3 - 3*n**2 - 4*n. Let y be s(4). Let w be 13 + y - (-5 - -3). Let q = w - 7. List the prime factors of q.
2
Let s(n) be the third derivative of -7/6*n**3 - 1/6*n**4 + 0*n - n**2 + 0. List the prime factors of s(-6).
17
What are the prime factors of 224/40*35/2?
2, 7
Suppose -208 = -2*h + 2*i, -5*h + 233 + 283 = -3*i. Suppose -3*l = -l + h. Let v = l - -71. List the prime factors of v.
2, 5
Suppose -2*u = 3*c - 172, 0 = 5*c + u - 71 - 204. Suppose 0 = s + 2*s - c. List the prime factors of s.
2, 3
Let l(p) = -36*p + 3. Let d be l(4). Let v = -321 - d. List the prime factors of 4/(-22) + v/(-22).
2
Let b = 37 - 15. Let i = -3 + b. Suppose 5*g + 3*q - 37 = 0, -2*g - 5 + i = 